e 1404?
True
Does 56 divide 1680?
True
Is 24 a factor of 9288?
True
Does 16 divide 425?
False
Is 15799 a multiple of 5?
False
Is 2591 a multiple of 25?
False
Is 9415 a multiple of 35?
True
Is 1640 a multiple of 20?
True
Does 10 divide 2719?
False
Is 6094 a multiple of 15?
False
Is 6 a factor of 2636?
False
Does 89 divide 24480?
False
Is 5 a factor of 35?
True
Does 18 divide 7308?
True
Is 17 a factor of 148?
False
Is 85239 a multiple of 189?
True
Is 4624 a multiple of 4?
True
Is 250 a multiple of 5?
True
Is 11 a factor of 143?
True
Is 565 a multiple of 39?
False
Is 2552 a multiple of 11?
True
Is 26 a factor of 78?
True
Is 80 even?
True
Is 115 a factor of 36079?
False
Does 100 divide 600?
True
Does 19 divide 171?
True
Does 35 divide 140?
True
Is 1014 a multiple of 6?
True
Is 121 a factor of 1273?
False
Is 67 a multiple of 3?
False
Is 20 a multiple of 10?
True
Does 19 divide 541?
False
Does 3 divide 10643?
False
Does 13 divide 1534?
True
Is 136 a multiple of 10?
False
Is 47 a factor of 47329?
True
Is 522 a multiple of 6?
True
Is 45345 a multiple of 280?
False
Is 168 a factor of 5040?
True
Is 3780 a multiple of 84?
True
Is 2 a factor of 182?
True
Does 14 divide 21714?
True
Is 8 a factor of 115232?
True
Is 6064 a multiple of 43?
False
Does 31 divide 90675?
True
Is 70 a factor of 13510?
True
Is 8 a factor of 551?
False
Does 29 divide 1479?
True
Is 65050 a multiple of 25?
True
Does 18 divide 585?
False
Is 24 a factor of 432?
True
Does 267 divide 25599?
False
Is 351 a multiple of 12?
False
Is 23 a factor of 5083?
True
Is 1934 a multiple of 153?
False
Does 13 divide 36156?
False
Is 65940 a multiple of 108?
False
Is 62292 a multiple of 116?
True
Is 17225 a multiple of 9?
False
Is 20 a factor of 1321?
False
Does 31 divide 7006?
True
Is 2 a factor of 196?
True
Is 22 a factor of 2246?
False
Is 2093 a multiple of 45?
False
Is 58 a factor of 21460?
True
Does 2 divide 85?
False
Is 9 a factor of 2223?
True
Does 8 divide 744?
True
Does 10 divide 6001?
False
Is 3586 a multiple of 55?
False
Does 36 divide 803?
False
Is 13 a factor of 4368?
True
Is 61 a factor of 610?
True
Is 200 a multiple of 4?
True
Is 836 a multiple of 11?
True
Is 141 a multiple of 2?
False
Does 74 divide 2227?
False
Is 5044 a multiple of 97?
True
Does 19 divide 4009?
True
Is 30 a factor of 6390?
True
Does 47 divide 5452?
True
Is 24 a factor of 19159?
False
Does 10 divide 2670?
True
Is 86 a factor of 3440?
True
Does 28 divide 46601?
False
Is 12 a factor of 47568?
True
Is 3 a factor of 23?
False
Does 75 divide 49269?
False
Is 2841 a multiple of 4?
False
Is 5 a factor of 193?
False
Is 26 a factor of 8632?
True
Is 19 a factor of 55900?
False
Is 3 a factor of 185?
False
Is 36 a factor of 2232?
True
Is 608 a multiple of 21?
False
Is 23060 a multiple of 191?
False
Is 2304 a multiple of 55?
False
Is 3808 a multiple of 16?
True
Does 83 divide 9462?
True
Is 11 a factor of 1085?
False
Is 111 a factor of 8589?
False
Does 44 divide 42504?
True
Is 84 a factor of 28519?
False
Is 16531 a multiple of 271?
True
Does 14 divide 37864?
False
Is 8645 a multiple of 13?
True
Does 47 divide 3645?
False
Is 24 a factor of 33240?
True
Is 7 a factor of 210?
True
Is 5670 a multiple of 21?
True
Does 4 divide 5421?
False
Is 18 a multiple of 11?
False
Is 23 a factor of 2162?
True
Does 86 divide 172?
True
Is 3213 a multiple of 17?
True
Is 737 a multiple of 6?
False
Is 259 a multiple of 17?
False
Does 267 divide 32574?
True
Is 28 a factor of 18704?
True
Is 77 a factor of 50358?
True
Does 17 divide 7352?
False
Is 8 a factor of 1669?
False
Is 183 a multiple of 4?
False
Does 47 divide 1175?
True
Does 100 divide 600?
True
Is 74 a factor of 3552?
True
Does 35 divide 970?
False
Is 325 a multiple of 13?
True
Is 644 a multiple of 39?
False
Is 1862 a multiple of 13?
False
Is 34 a factor of 918?
True
Is 39851 a multiple of 160?
False
Is 19454 a multiple of 137?
True
Is 19494 a multiple of 16?
False
Is 43943 a multiple of 148?
False
Is 10368 a multiple of 108?
True
Does 112 divide 61279?
False
Is 108 a multiple of 18?
True
Is 6561 a multiple of 6?
False
Is 15168 a multiple of 96?
True
Is 204 a multiple of 8?
False
Is 3 a factor of 252?
True
Is 2740 a multiple of 53?
False
Does 6 divide 8146?
False
Is 1199 a multiple of 14?
False
Is 7 a factor of 645?
False
Is 64 a factor of 1113?
False
Is 35 a factor of 10185?
True
Does 3 divide 300?
True
Is 15462 a multiple of 18?
True
Is 800 a multiple of 15?
False
Is 46 a factor of 19201?
False
Is 8910 a multiple of 18?
True
Is 12 a factor of 2980?
False
Is 20 a factor of 76980?
True
Is 187 a factor of 26082?
False
Is 5 a factor of 1145?
True
Is 103464 a multiple of 108?
True
Is 24 a factor of 336?
True
Is 12 a factor of 41712?
True
Is 17544 a multiple of 51?
True
Is 5529 a multiple of 19?
True
Is 241 a multiple of 20?
False
Does 133 divide 7549?
False
Is 4891 a multiple of 9?
False
Does 17 divide 1462?
True
Is 43 a factor of 2379?
False
Is 1222 a multiple of 26?
True
Is 21 a factor of 945?
True
Is 84 a factor of 25872?
True
Does 49 divide 490?
True
Does 2 divide 782?
True
Is 13 a factor of 1131?
True
Does 5 divide 920?
True
Does 50 divide 2650?
True
Is 3 a factor of 100?
False
Does 22 divide 104969?
False
Is 8 a factor of 1768?
True
Does 69 divide 2070?
True
Does 15 divide 17666?
False
Does 32 divide 1464?
False
Is 2993 a multiple of 13?
False
Is 7453 a multiple of 29?
True
Does 3 divide 65?
False
Is 25959 a multiple of 17?
True
Is 7493 a multiple of 6?
False
Is 720 a multiple of 90?
True
Does 14 divide 7494?
False
Is 130 a factor of 25350?
True
Is 75 a factor of 6984?
False
Is 77382 a multiple of 13?
False
Does 26 divide 7351?
False
Is 13 a factor of 10283?
True
Does 249 divide 38150?
False
Is 3284 a multiple of 79?
False
Is 30 a factor of 675?
False
Does 299 divide 10465?
True
Is 432 a multiple of 10?
False
Is 6048 a multiple of 126?
True
Is 1657 a multiple of 6?
False
Is 3 a factor of 33?
True
Does 101 divide 3978?
False
Is 4 a factor of 464?
True
Is 42 a factor of 7352?
False
Does 44 divide 748?
True
Is 1212 a multiple of 54?
False
Does 137 divide 6628?
False
Does 13 divide 249?
False
Is 70 a factor of 280?
True
Is 304 a multiple of 8?
True
Is 145 even?
False
Is 4 a factor of 252?
True
Is 1450 a multiple of 109?
False
Is 2 a factor of 661?
False
Is 26 a factor of 781?
False
Is 15 a factor of 855?
True
Is 12974 a multiple of 13?
True
Is 11 a factor of 59873?
True
Is 182 a multiple of 3?
False
Does 223 divide 62572?
False
Is 134 a multiple of 4?
False
Is 75 a factor of 101250?
True
Is 3732 a multiple of 61?
False
Is 8593 a multiple of 13?
True
Is 4664 a multiple of 22?
True
Is 115115 a multiple of 91?
True
Is 6 a factor of 42714?
True
Is 200 a multiple of 20?
True
Is 125090 a multiple of 7?
True
Does 2 divide 665?
False
Is 5237 a multiple of 6?
False
Does 21 divide 1323?
True
Does 48 divide 4360?
False
Is 21550 a multiple of 25?
True
Does 39 divide 352?
False
Does 15 divide 6225?
True
Is 6282 a multiple of 9?
True
Is 40 a factor of 656?
False
Is 18 a factor of 18?
True
Is 3 a factor of 177?
True
Does 6 divide 424?
False
Does 65 divide 3120?
True
Does 13 divide 47760?
False
Is 18 a factor of 692?
False
Is 39 a factor of 3077?
False
Is 62 a factor of 6448?
True
Does 301 divide 12116?
False
Is 532 a multiple of 28?
True
Does 7 divide 1169?
True
Is 1539 a multiple of 35?
False
Does 9 divide 162?
True
Is 12 a factor of 6801?
False
Is 6020 a multiple of 35?
True
Is 12 a factor of 636?
True
Is 29493 a multiple of 9?
True
Is 103 a factor of 16068?
True
Does 9 divide 5580?
True
Is 8622 a multiple of 6?
True
Does 57 divide 17214?
True
Is 810 a multiple of 9?
True
Is 150 a factor of 4148?
False
Is 19 a factor of 796?
False
Is 88 a factor of 432?
False
Does 14 divide 92?
False
Does 65 divide 87100?
True
Is 132 a factor of 4488?
True
Does 30 divide 1496?
False
Does 25 divide 1925?
True
Is 29 a factor of 2262?
True
Does 28 divide 26544?
True
Is 2 a factor of 19?
False
Is 759 a multiple of 3?
True
Is 945 a multiple of 15?
True
Does 18 divide 2149?
False
Is 5664 a multiple of 118?
True
Does 15 divide 8995?
False
Is 30 a factor of 10530?
True
Is 22 a factor of 79926?
True
Does 7 divide 4126?
False
Is 11466 a multiple of 49?
True
Is 41 a factor of 1246?
False
Is 3660 a multiple of 60?
True
Is 158 a factor of 646